 (-1 - (-8 - 5)) + 40?
36
Let d = 7143 - 7047. Let n(k) = k**3 - 9*k**2 + 12*k + 11. What is the remainder when d is divided by n(8)?
10
Let y = 1476 + -1446. What is the remainder when 259 is divided by y?
19
Let c = 18 - 14. Suppose 0 = 4*b - 3*b + 2*r + 6, c*b + 51 = r. What is the remainder when 137 is divided by ((-33)/5 - -2)*60/b?
22
Let o(x) = 35*x + 223. Let d = -127 + 121. Calculate the remainder when 35 is divided by o(d).
9
What is the remainder when 23 is divided by 355/142 + (-18)/(-4)?
2
What is the remainder when (-7)/(105/(-60)) - (-6324)/2 is divided by 22?
20
Let y(n) = 2*n**3 - n**2 - 25*n - 2. Let z be y(5). Suppose 9*h - 64 = z. What is the remainder when 2*(-102)/(-8)*2 is divided by h?
15
Let a(m) be the first derivative of -8 - 5/2*m**2 + 2*m. Calculate the remainder when a(-2) is divided by 5.
2
Let q(p) = -5*p**2 - 28*p - 19. Let k(r) = 11*r**2 + 58*r + 37. Let j(i) = -6*k(i) - 13*q(i). What is the remainder when 497 is divided by j(16)?
22
Let r(l) = 12*l**2 - l + 11. Calculate the remainder when 570 is divided by r(-3).
82
Suppose -4*o - 36 = -3*s + 46, s + o = 39. Calculate the remainder when (99/9)/209 + 17262/171 is divided by s.
33
Suppose -8*j - 3231 = -28*j + 27129. What is the remainder when j is divided by 49?
48
Suppose -4*s = 2*a - 254, 11*s - 6*s - 502 = -4*a. Suppose 6*t - a = 3*t. Calculate the remainder when t is divided by 30.
11
Let i(t) = 11*t + 145. Let v be i(-13). Suppose 0 = -5*w - 5*b + 750, -v*b - 169 = 4*w - 773. Calculate the remainder when w is divided by 39.
35
Let l(i) = i**3 - 20*i**2 + 30*i - 34. Suppose -3*v + 5*s = -67, -3*v = 5*s - 39 - 8. Calculate the remainder when l(v) is divided by 16.
15
Let k(y) = 8*y + 77. Let x be k(5). Suppose -39 = 2*t - x. Calculate the remainder when t is divided by 15.
9
Suppose -132*b - 2*s = -127*b - 893, 0 = 3*b - s - 527. What is the remainder when 365 is divided by b?
11
Let v = -6899 - -7236. What is the remainder when v is divided by 16?
1
Suppose 7 = -26*f + 27*f. Let x(n) = 5 - 8 - 10 + 8*n. Calculate the remainder when x(3) is divided by f.
4
Let x(t) = t**3 + 6*t**2 - 12*t - 46. Calculate the remainder when 178 + 3/(-6)*(2 - 6) is divided by x(-6).
24
Let j(x) be the third derivative of -13*x**4/24 - 19*x**3/3 - 16*x**2. What is the remainder when j(-7) is divided by 14?
11
Let a be 4/(-18) - 36/(-162). Suppose c - 2 = 0, a = 4*z - 3*c - 10 - 40. What is the remainder when 111 is divided by z?
13
Suppose -75 - 21 = -3*d. Suppose c - 5*m - 7 = 0, -108*c + 105*c + 3*m = -9. Calculate the remainder when d is divided by c.
0
Let s(g) = -g**2 - 7*g - 5. Let o be s(-7). Let t(y) be the second derivative of -5*y**3/6 - 2*y**2 - y + 8. What is the remainder when 124 is divided by t(o)?
19
Let x(k) = 6*k**2 - 29*k - 158. Calculate the remainder when x(-13) is divided by 6.
3
Let g(p) = -p**3 + 3*p**2 - 2*p. Let r be g(4). Let h = -22 - r. Suppose 3 = 5*b - 4*b, 0 = -h*w + 3*b + 23. Calculate the remainder when 79 is divided by w.
15
What is the remainder when ((-16)/10)/(328/(-113160)) is divided by 316?
236
Let t(b) = -b + 18. Let v be t(7). Let g be (-3)/(-2) - (-4)/(v - 3). Let w(j) = j**3 - 2*j**2 + j + 2. Calculate the remainder when 8 is divided by w(g).
0
What is the remainder when (7/(-8))/((-109)/6976) is divided by ((-18)/(-8))/(4/16)?
2
Suppose s + 5*w - 533 = 0, 3*s - 279*w = -280*w + 1529. What is the remainder when s is divided by 159?
31
Suppose 136*d - 148*d + 1908 = 0. Calculate the remainder when 476 is divided by d.
158
Suppose 0*d + u = -2*d - 20, -3*u = 3*d + 27. Let a(f) = 2*f**2 + 101*f - 995. Calculate the remainder when (-189)/d - 2/11 is divided by a(-59).
1
Let k(a) be the first derivative of 4*a**3/3 - a + 5. Calculate the remainder when 37 is divided by k(-2).
7
Let k = 3136 - 3038. Calculate the remainder when 10485 is divided by k.
97
Let w = -13521 + 13785. What is the remainder when 531 is divided by w?
3
Let i = -1969 + 1970. Calculate the remainder when 226 is divided by i.
0
Suppose -z = z - 5*z + 1146. Calculate the remainder when z is divided by 135.
112
Let a = -4793 - -5902. What is the remainder when a is divided by 99?
20
Suppose 0 = -3*p - p + 296. Let x = -19 + p. Suppose -64 + 1489 = 55*l + 20*l. What is the remainder when x is divided by l?
17
Let h(j) = 3*j + 34. Let z be h(-14). Let q be (-1)/z - 219/24. What is the remainder when (1029/7)/(q/(-6)) is divided by 34?
30
Suppose -33*w + 581 = -1952 + 25. Calculate the remainder when 3189 is divided by w.
73
Let i(c) = -c**3 - 11*c**2 + 12*c + 8. Let s be i(-12). Let n be s/(8/(-21))*-2. Let x = 56 - n. Calculate the remainder when x is divided by 6.
2
Suppose 2*i - 25 = -3*i, -2*i - 120 = -5*t. Suppose -84 = -4*s + 2*h, 68 = 2*s - 3*h + 22. Calculate the remainder when ((-75)/(-9))/(t/234) is divided by s.
15
Let s(b) = -b**3 - 7*b**2 + 8*b - 5. Let c be s(-6). Let w = 41 - c. What is the remainder when w is divided by (-1 - -1) + 1 + 32?
31
Calculate the remainder when 1139 is divided by 1/(1 + (-165)/166) + -18 + 16.
155
Suppose 0 = 8*a - 909 - 915. Suppose a = 2*x - 5*k, k = -4*x + 144 + 312. What is the remainder when x is divided by 15?
9
Suppose 5*r = -5*d + 9*d - 47, 5*d + 5*r - 115 = 0. Calculate the remainder when ((-3)/(-9))/(2/834) is divided by d.
13
Suppose 125 = 11*h - 1679. Calculate the remainder when h is divided by 162.
2
Suppose -144 = 19813*d - 19824*d + 98. What is the remainder when 426 is divided by d?
8
Suppose -4*h = 2*m - 10, 2*h - 4*m = -6*m + 2. Suppose 33 = 5*t + h*b, b = t - 18 + 6. Calculate the remainder when 16 is divided by t.
7
Let c(o) = -17*o - 1. Let w be c(8). Let d = w + 150. Calculate the remainder when 46 is divided by d.
7
Let o(r) = r**3 - 18*r**2 + 20*r - 57. Let i be o(23). Suppose i = 5*c + 7*c. Calculate the remainder when c is divided by 32.
30
Suppose j - 13060 = -19*j. Suppose -y + 711 = j. Calculate the remainder when 221 is divided by y.
47
Let d = -4306 + 4849. What is the remainder when d is divided by 174?
21
Suppose -30*c = -36*c + 6. What is the remainder when 87 is divided by ((-5)/2 - c)*(-360)/126?
7
Let v(m) = m**3 + 2*m**2 - 3*m + 2. Let r be v(-3). Suppose -j = 4*l - 2, 4*l + 21 - 13 = 0. What is the remainder when j is divided by 6*(-4)/(-16)*r?
1
Let v(z) = -z**3 + 2*z**2 + 2*z + 1. Suppose -7*d - 4 + 4 = 0. Suppose -4*q + d = -44. Calculate the remainder when v(-3) is divided by q.
7
Suppose 5*o = 4*w + 339672, -4*w = -2*o - 9*w + 135915. Calculate the remainder when o is divided by 14.
12
Let f(q) = -14*q + 140. Let y be f(11). What is the remainder when (-1320)/(-80) + y/4 is divided by 3?
1
Suppose -8*q + 17*q = 729. What is the remainder when 421 is divided by q?
16
Let i be (-17 - -16) + (0 - 94). What is the remainder when 492 is divided by (-2 - -1)*(i - (-1 + 6))?
92
Suppose a - 3*b - 8 = 34, 74 = 2*a + 4*b. Calculate the remainder when 4009 is divided by a.
31
Suppose 4*v = 20, 2*z + 3*v = -0*v - 509. What is the remainder when (z/7)/(70/(-245)) is divided by 22?
21
Let z = 97 + -185. Let q = z - -102. What is the remainder when 38 is divided by q?
10
Let v = 165 + -250. Let r = v + 160. Suppose 3*b + 15 = 0, 5*h = 2*b - 5*b + r. Calculate the remainder when h is divided by 10.
8
Suppose 157 = -32*o + 2 + 3611. What is the remainder when 19331 is divided by o?
107
Suppose 15 = 3*r, 6*r = -4*q + r + 1997. Suppose 5*b + 4*f - q = 0, -5*f + 564 = 5*b + 74. Calculate the remainder when b is divided by 7.
3
Suppose 0 = -6*w + 2*k + 1074, 146*w - 145*w - 179 = -4*k. What is the remainder when 598 is divided by w?
61
Let b be (-10)/(-3)*9/6. Suppose -b*i = -i. Suppose 4*o - 75 - 269 = i. Calculate the remainder when o is divided by 22.
20
Suppose -276*g + 77386 + 764966 = 0. Calculate the remainder when g is divided by 47.
44
Suppose 19*n = 89*n - 14420. What is the remainder when 798 is divided by n?
180
Suppose -c - 6 = -3*c, c = -b + 71. Suppose 627*f = 609*f + 4842. What is the remainder when f is divided by b?
65
Let t(k) = 6 - 7*k + 62*k**2 + 3*k**3 - 66*k**2 - 3*k**3 + k**3. Let u be t(5). Calculate the remainder when 336/35*10/(u/(-2)) is divided by 10.
8
Let r = 140 - -17. Let b = -1507 - -1507. Suppose -198 = -5*p - 3*s, 4*p + s = -b*s + r. What is the remainder when p is 